 base 5
-10
2 (base 7) to base 11
2
Convert 136 (base 10) to base 16.
88
3 (base 11) to base 9
3
10 (base 11) to base 3
102
Convert 59 (base 16) to base 15.
5e
What is 302 (base 7) in base 8?
225
2 (base 13) to base 8
2
Convert -22 (base 7) to base 15.
-11
What is 32 (base 6) in base 3?
202
253 (base 7) to base 2
10001000
What is -16 (base 7) in base 9?
-14
What is -1 (base 5) in base 7?
-1
Convert -1 (base 2) to base 11.
-1
What is 10111111 (base 2) in base 6?
515
-2 (base 13) to base 5
-2
What is -6 (base 7) in base 6?
-10
What is 5 (base 6) in base 9?
5
What is -4 (base 6) in base 7?
-4
What is -2 (base 4) in base 9?
-2
What is 3 (base 6) in base 15?
3
What is -3 (base 9) in base 8?
-3
-36 (base 8) to base 14
-22
-1 (base 5) to base 8
-1
What is -2 (base 16) in base 6?
-2
Convert 6 (base 7) to base 9.
6
8 (base 10) to base 16
8
Convert -7 (base 11) to base 6.
-11
-161 (base 9) to base 10
-136
What is -1242 (base 6) in base 15?
-15e
Convert -20 (base 13) to base 14.
-1c
What is -1 (base 3) in base 13?
-1
What is -12 (base 16) in base 15?
-13
What is 1 (base 13) in base 8?
1
Convert 56 (base 12) to base 2.
1000010
Convert 142 (base 5) to base 11.
43
Convert 11 (base 3) to base 6.
4
2 (base 9) to base 11
2
Convert 11 (base 12) to base 6.
21
Convert 249 (base 10) to base 14.
13b
11 (base 13) to base 2
1110
What is 33 (base 4) in base 13?
12
-7 (base 10) to base 11
-7
Convert -81 (base 10) to base 9.
-100
What is 12 (base 10) in base 4?
30
What is 10 (base 14) in base 4?
32
Convert -1 (base 15) to base 10.
-1
Convert -4 (base 8) to base 13.
-4
Convert 168 (base 10) to base 3.
20020
What is 11 (base 5) in base 3?
20
Convert -2 (base 4) to base 10.
-2
-1 (base 16) to base 13
-1
Convert 3 (base 6) to base 12.
3
Convert 21 (base 8) to base 12.
15
Convert -1 (base 16) to base 9.
-1
What is -4 (base 6) in base 10?
-4
Convert -10 (base 2) to base 3.
-2
What is 121 (base 6) in base 12?
41
Convert -7 (base 8) to base 3.
-21
24 (base 5) to base 4
32
-11 (base 6) to base 2
-111
3310 (base 4) to base 15
114
Convert -1 (base 9) to base 16.
-1
Convert -14 (base 16) to base 15.
-15
What is -101 (base 3) in base 6?
-14
Convert -12 (base 4) to base 3.
-20
Convert 2 (base 16) to base 15.
2
3 (base 5) to base 6
3
Convert -20 (base 7) to base 11.
-13
Convert -2 (base 12) to base 9.
-2
-2f (base 16) to base 14
-35
-100010011 (base 2) to base 6
-1135
3 (base 5) to base 11
3
What is -20 (base 5) in base 16?
-a
0 (base 11) to base 13
0
What is 4 (base 9) in base 13?
4
6 (base 13) to base 2
110
-3 (base 7) to base 5
-3
Convert -2 (base 14) to base 5.
-2
Convert 0 (base 6) to base 9.
0
-2 (base 4) to base 7
-2
-1 (base 4) to base 12
-1
-98 (base 10) to base 7
-200
Convert 0 (base 2) to base 7.
0
100 (base 3) to base 11
9
What is 4 (base 14) in base 16?
4
Convert 35 (base 8) to base 12.
25
-110 (base 7) to base 9
-62
What is -10001110 (base 2) in base 12?
-ba
2011 (base 3) to base 6
134
What is 30 (base 5) in base 14?
11
What is -b (base 16) in base 5?
-21
Convert -19 (base 13) to base 14.
-18
What is 0 (base 7) in base 15?
0
What is -c4 (base 14) in base 12?
-124
-d (base 16) to base 13
-10
Convert b (base 12) to base 4.
23
What is -55 (base 6) in base 7?
-50
What is 5 (base 7) in base 12?
5
Convert 1 (base 2) to base 8.
1
What is 3 (base 9) in base 13?
3
1121 (base 4) to base 14
65
What is -170 (base 13) in base 9?
-318
46 (base 7) to base 14
26
What is -1001011 (base 2) in base 5?
-300
Convert 5 (base 15) to base 13.
5
-2 (base 15) to base 7
-2
What is -61 (base 14) in base 11?
-78
Convert 3 (base 8) to base 11.
3
Convert -4 (base 8) to base 5.
-4
What is -49 (base 14) in base 6?
-145
What is 0 (base 6) in base 2?
0
1 (base 7) to base 13
1
Convert 1005 (base 6) to base 2.
11011101
-8e (base 16) to base 8
-216
-2 (base 6) to base 4
-2
What is 110 (base 2) in base 11?
6
-49 (base 10) to base 5
-144
Convert 14 (base 12) to base 11.
15
Convert -14 (base 6) to base 15.
-a
1 (base 2) to base 15
1
111 (base 6) to base 14
31
-50 (base 11) to base 3
-2001
1043 (base 6) to base 13
159
3 (base 11) to base 15
3
Convert 0 (base 12) to base 3.
0
-14 (base 7) to base 4
-23
Convert -13 (base 5) to base 2.
-1000
What is -130 (base 4) in base 2?
-11100
Convert 2 (base 8) to base 11.
2
-3 (base 8) to base 16
-3
Convert -7 (base 15) to base 9.
-7
-7 (base 8) to base 10
-7
What is -13a (base 12) in base 3?
-21001
203 (base 4) to base 6
55
What is -4 (base 13) in base 8?
-4
-1 (base 14) to base 16
-1
What is 0 (base 15) in base 5?
0
Convert 0 (base 6) to base 5.
0
What is -302 (base 9) in base 12?
-185
What is -b (base 13) in base 9?
-12
-244 (base 6) to base 3
-10201
Convert 34 (base 10) to base 11.
31
Convert 22 (base 12) to base 13.
20
What is -1 (base 6) in base 9?
-1
Convert -40 (base 9) to base 14.
-28
Convert -20 (base 6) to base 5.
-22
What is -100 (base 5) in base 16?
-19
What is 10 (base 5) in base 2?
101
What is -3 (base 4) in base 15?
-3
What is 28 (base 14) in base 2?
100100
Convert -d (base 16) to base 11.
-12
Convert -2 (base 5) to base 8.
-2
-3 (base 9) to base 3
-10
What is 62 (base 9) in base 8?
70
3 (base 6) to base 10
3
Convert 1 (base 14) to base 15.
1
What is -66 (base 10) in base 9?
-73
What is 0 (base 6) in base 2?
0
What is -14 (base 7) in base 13?
-b
Convert -1 (base 6) to base 4.
-1
What is -23 (base 4) in base 12?
-b
-47 (base 13) to base 15
-3e
What is -142 (base 7) in base 4?
-1033
What is -1 (base 11) in base 13?
-1
Convert -100 (base 2) to base 15.
-4
What is -4 (base 12) in base 10?
-4
What is 3 (base 16) in base 11?
3
10 (base 14) to base 7
20
What is 102 (base 3) in base 16?
b
What is -13 (base 13) in base 9?
-17
-1210 (base 3) to base 15
-33
Convert 4 (base 6) to base 10.
4
Convert 15 (base 7) to base 10.
12
Convert 0 (base 14) to base 2.
0
-34 (base 10) to base 15
-24
Convert -2 (base 5) to base 6.
-2
What is -2 (base 9) in base 2?
-10
6c (base 15) to base 9
123
Convert -1 (base 15) to base 14.
-1
Convert 104 (base 13) to base 12.
125
1 (base 15) to base 5
1
-4a (base 13) to base 10
-62
What is -51 (base 14) in base 2?
-1000111
Convert -f (base 16) to base 6.
-23
-505 (base 7) to base 9
-307
Convert -101101 (base 2) to base 9.
-50
-2 (base 4) to base 8
-2
What is 4 (base 9) in base 7?
4
What is 59 (base 13) in base 8?
112
What is -4 (base 10) in base 11?
-4
42 (base 10) to base 12
36
Convert 2201 (base 3) to base 6.
201
What is 75 (base 9) in base 2?
1000100
What is 1 (base 11) in base 13?
1
What is 3 (base 6) in base 15?
3
Convert 5 (base 8) to base 12.
5
3 (base 6) to base 2
11
-30 (base 5) to base 9
-16
Convert 40 (base 5) to base 8.
24
What is -34 (base 8) in base 13?
-22
Convert 24 (base 14) to base 4.
200
Convert 14 (base 5) to base 12.
9
What is -2 (base 8) in base 14?
-2
What is -11000 (base 2) in base 8?
-30
Convert -2 (base 9) to base 6.
-2
-204 (base 8) to base 12
-b0
Convert cb (base 15) to base 6.
515
Convert 10001 (base 2) to base 6.
25
Convert -17 (base 8) to base 11.
-14
What is -123 (base 10) in base 16?
-7b
What is 1 (base 3) in base 15?
1
5 (base 8) to base 2
101
What is -143 (base 7) in base 11?
-73
What is 16 (base 14) in base 11?
19
-11 (base 3) to base 14
-4
Convert -85 (base 12) to base 10.
-101
2 (base 3) to base 7
2
Convert 67 (base 12) to base 7.
142
-19 (base 16) to base 8
-31
-100111 (base 2) to base 15
-29
What is 17 (base 11) in base 13?
15
26 (base 8) to base 2
10110
-31 (base 9) to base 6
-44
-5 (base 13) to base 10
-5
What is -b (base 13) in base 5?
-21
6 (base 11) to base 4
12
-10022 (base 3) to base 15
-5e
-1100 (base 2) to base 8
-14
What is 20 (base 8) in base 12?
14
Convert 2 (base 3) to base 2.
10
Convert 9 (base 15) to base 14.
9
What is -12 (base 6) in base 13?
-8
-38 (base 12) to base 9
-48
Convert -4 (base 7) to base 10.
-4
Convert 21120 (base 3) to base 13.
129
-5 (base 13) to base 3
-12
-13 (base 7) to base 8
-12
6 (base 14) to base 2
110
What is -132 (base 12) in base 10?
-182
-6 (base 11) to base 3
-20
0 (base 5) to base 16
0
What is -3 (base 6) in base 11?
-3
-1 (base 11) to base 7
-1
131 (base 14) to base 12
17b
-112 (base 3) to base 11
-13
What is -354 (base 6) in base 7?
-262
-10 (base 6) to base 9
-6
What is 200 (base 4) in base 8?
40
Convert 10 (base 4) to base 3.
11
What is 9 (base 14) in base 1